e 14.
-b8
What is -1 (base 10) in base 11?
-1
-22 (base 4) to base 5
-20
What is -21 (base 12) in base 15?
-1a
What is -220 (base 6) in base 9?
-103
What is -4 (base 6) in base 16?
-4
Convert -47 (base 16) to base 14.
-51
Convert -33 (base 4) to base 12.
-13
What is 71 (base 9) in base 2?
1000000
Convert -2 (base 8) to base 6.
-2
What is 113 (base 10) in base 11?
a3
What is 24 (base 9) in base 8?
26
Convert 1 (base 12) to base 8.
1
1000010 (base 2) to base 15
46
Convert 148 (base 13) to base 4.
3211
What is 11 (base 2) in base 15?
3
Convert -10001 (base 2) to base 4.
-101
Convert 1 (base 13) to base 14.
1
3 (base 4) to base 7
3
What is -2 (base 4) in base 3?
-2
What is 63 (base 8) in base 11?
47
What is -110 (base 2) in base 6?
-10
Convert 1 (base 15) to base 10.
1
-1 (base 3) to base 5
-1
6 (base 8) to base 5
11
-33 (base 7) to base 4
-120
What is 11 (base 12) in base 16?
d
What is -2 (base 7) in base 14?
-2
Convert 2 (base 13) to base 11.
2
What is 8 (base 10) in base 4?
20
-ca (base 16) to base 2
-11001010
Convert 101 (base 2) to base 8.
5
Convert 23 (base 7) to base 9.
18
What is 2021 (base 3) in base 2?
111101
What is 0 (base 3) in base 8?
0
Convert 231 (base 4) to base 6.
113
Convert 2 (base 3) to base 15.
2
What is -6 (base 11) in base 15?
-6
Convert -303 (base 4) to base 2.
-110011
15 (base 9) to base 2
1110
-5 (base 7) to base 11
-5
Convert -33 (base 4) to base 10.
-15
Convert 4b (base 13) to base 5.
223
11323 (base 4) to base 3
112001
Convert 201 (base 4) to base 3.
1020
What is 3 (base 9) in base 15?
3
What is -4 (base 6) in base 9?
-4
Convert -6 (base 12) to base 6.
-10
Convert -4 (base 9) to base 7.
-4
Convert 18 (base 13) to base 12.
19
What is 7 (base 11) in base 3?
21
Convert -126 (base 15) to base 14.
-149
What is -4 (base 5) in base 14?
-4
Convert 3 (base 11) to base 4.
3
What is -3 (base 4) in base 16?
-3
Convert 111 (base 2) to base 14.
7
57 (base 11) to base 15
42
1 (base 11) to base 16
1
2 (base 16) to base 5
2
96 (base 14) to base 4
2010
1 (base 15) to base 5
1
-17 (base 16) to base 13
-1a
Convert -21 (base 9) to base 8.
-23
Convert 285 (base 11) to base 12.
23b
Convert -3 (base 13) to base 3.
-10
What is -11 (base 2) in base 6?
-3
What is 21 (base 3) in base 5?
12
110 (base 2) to base 15
6
What is 19 (base 14) in base 16?
17
1101 (base 2) to base 8
15
Convert 133 (base 5) to base 16.
2b
What is -6 (base 7) in base 3?
-20
0 (base 16) to base 10
0
Convert 0 (base 3) to base 12.
0
400 (base 6) to base 16
90
3 (base 8) to base 2
11
Convert -1101 (base 2) to base 16.
-d
What is 1 (base 10) in base 6?
1
-1001101 (base 2) to base 13
-5c
What is 1000000 (base 2) in base 13?
4c
-4 (base 9) to base 13
-4
-52 (base 13) to base 9
-74
Convert 201 (base 3) to base 14.
15
5 (base 13) to base 11
5
What is -11000101 (base 2) in base 10?
-197
6 (base 12) to base 8
6
What is -1c (base 14) in base 10?
-26
Convert 341 (base 8) to base 5.
1400
Convert 1 (base 15) to base 16.
1
-1010111 (base 2) to base 7
-153
b3 (base 12) to base 11
113
Convert 7 (base 12) to base 14.
7
What is 222 (base 4) in base 3?
1120
What is 62 (base 14) in base 2?
1010110
What is 20 (base 16) in base 15?
22
Convert 18 (base 13) to base 14.
17
Convert 106 (base 7) to base 13.
43
Convert -40 (base 5) to base 7.
-26
Convert -201 (base 3) to base 9.
-21
Convert 170 (base 8) to base 14.
88
Convert -41 (base 6) to base 12.
-21
What is 0 (base 12) in base 5?
0
-1 (base 6) to base 2
-1
-47 (base 14) to base 7
-120
What is 80 (base 16) in base 7?
242
What is 28 (base 9) in base 4?
122
Convert 1 (base 9) to base 15.
1
1100111 (base 2) to base 12
87
What is -77 (base 11) in base 16?
-54
20 (base 3) to base 13
6
-2 (base 6) to base 9
-2
Convert 3 (base 8) to base 16.
3
Convert 221 (base 3) to base 15.
1a
What is -11 (base 4) in base 5?
-10
-36 (base 8) to base 3
-1010
What is 2130 (base 4) in base 6?
420
Convert -51 (base 9) to base 16.
-2e
What is -30 (base 6) in base 2?
-10010
Convert 12 (base 3) to base 7.
5
-130 (base 4) to base 9
-31
What is -100 (base 3) in base 4?
-21
-123 (base 4) to base 9
-30
What is -4 (base 6) in base 15?
-4
Convert 32 (base 7) to base 13.
1a
Convert 0 (base 14) to base 15.
0
Convert -12 (base 11) to base 3.
-111
1211 (base 3) to base 2
110001
-101 (base 4) to base 16
-11
6 (base 13) to base 9
6
-3 (base 7) to base 5
-3
-21 (base 4) to base 15
-9
What is 4a (base 11) in base 16?
36
What is 31 (base 4) in base 15?
d
Convert 44 (base 13) to base 7.
110
What is 111010 (base 2) in base 5?
213
What is -17 (base 12) in base 2?
-10011
What is -5 (base 10) in base 16?
-5
What is 431 (base 7) in base 3?
22002
Convert -302 (base 4) to base 15.
-35
Convert -311 (base 5) to base 9.
-100
What is b (base 16) in base 14?
b
What is -16 (base 16) in base 5?
-42
What is -40 (base 8) in base 6?
-52
What is -3 (base 9) in base 15?
-3
What is -5 (base 14) in base 12?
-5
-3 (base 5) to base 4
-3
Convert 0 (base 2) to base 3.
0
4 (base 15) to base 3
11
What is 110000 (base 2) in base 6?
120
Convert 46 (base 11) to base 4.
302
-120 (base 12) to base 5
-1133
What is 3131 (base 4) in base 3?
22012
Convert 41 (base 5) to base 15.
16
-11 (base 12) to base 14
-d
What is 4 (base 6) in base 16?
4
What is -152 (base 8) in base 2?
-1101010
-5 (base 12) to base 4
-11
-3 (base 13) to base 11
-3
What is 0 (base 9) in base 12?
0
Convert -1 (base 14) to base 16.
-1
-23 (base 5) to base 3
-111
What is -15 (base 12) in base 7?
-23
Convert -107 (base 9) to base 3.
-10021
72 (base 14) to base 3
10201
-b (base 12) to base 6
-15
What is 120 (base 3) in base 6?
23
What is -5 (base 13) in base 11?
-5
What is 2 (base 14) in base 15?
2
-1012 (base 5) to base 12
-b0
What is -2 (base 7) in base 5?
-2
What is -20 (base 10) in base 9?
-22
What is -20 (base 13) in base 15?
-1b
Convert 102 (base 3) to base 5.
21
23 (base 5) to base 10
13
Convert -2 (base 13) to base 12.
-2
Convert 4 (base 7) to base 10.
4
Convert 10012 (base 3) to base 14.
62
-1101 (base 4) to base 3
-10000
What is 233 (base 5) in base 6?
152
What is -532 (base 7) in base 14?
-152
What is 101 (base 2) in base 9?
5
Convert -12 (base 6) to base 5.
-13
What is -12 (base 7) in base 12?
-9
5 (base 11) to base 8
5
1011 (base 3) to base 11
29
Convert 5 (base 15) to base 11.
5
-2 (base 13) to base 7
-2
Convert 1 (base 13) to base 12.
1
Convert -234 (base 10) to base 2.
-11101010
-1 (base 10) to base 16
-1
-1344 (base 5) to base 14
-120
Convert 513 (base 7) to base 16.
ff
-2 (base 8) to base 16
-2
-1 (base 15) to base 8
-1
What is 0 (base 16) in base 8?
0
3 (base 4) to base 5
3
-2 (base 14) to base 12
-2
What is 1111100 (base 2) in base 3?
11121
Convert 35 (base 6) to base 12.
1b
Convert 445 (base 7) to base 9.
274
What is -3 (base 7) in base 10?
-3
-3 (base 5) to base 15
-3
Convert 4 (base 10) to base 12.
4
21 (base 14) to base 16
1d
What is 1 (base 14) in base 11?
1
-1 (base 6) to base 16
-1
-201 (base 3) to base 2
-10011
-7 (base 12) to base 16
-7
Convert -35 (base 16) to base 6.
-125
What is -8 (base 14) in base 2?
-1000
Convert -33 (base 16) to base 2.
-110011
What is -1 (base 9) in base 4?
-1
Convert 3 (base 10) to base 2.
11
What is -4 (base 5) in base 14?
-4
What is -2 (base 8) in base 3?
-2
-31 (base 4) to base 5
-23
-15 (base 8) to base 4
-31
Convert -2 (base 12) to base 10.
-2
41 (base 14) to base 6
133
1 (base 10) to base 8
1
Convert 2 (base 5) to base 4.
2
What is 1 (base 6) in base 4?
1
Convert -b (base 13) to base 16.
-b
Convert -84 (base 10) to base 16.
-54
Convert 3 (base 12) to base 15.
3
-15 (base 13) to base 12
-16
Convert -c (base 16) to base 15.
-c
What is 72 (base 13) in base 15?
63
What is -24 (base 6) in base 13?
-13
-73 (base 16) to base 7
-223
-24 (base 16) to base 10
-36
-7 (base 10) to base 9
-7
What is -3 (base 7) in base 9?
-3
What is -18 (base 14) in base 9?
-24
-31 (base 4) to base 11
-12
What is -1000 (base 2) in base 5?
-13
What is 0 (base 7) in base 13?
0
104 (base 6) to base 16
28
-10 (base 2) to base 8
-2
-2d (base 16) to base 6
-113
215 (base 6) to base 8
123
What is 201 (base 6) in base 14?
53
-38 (base 9) to base 4
-203
-8 (base 12) to base 9
-8
-10001000 (base 2) to base 4
-2020
What is -75 (base 14) in base 11?
-94
What is -100101110 (base 2) in base 8?
-456
Convert -23 (base 5) to base 13.
-10
What